rime factors of 27287051.
11, 461, 5381
What are the prime factors of 7522395?
3, 5, 501493
What are the prime factors of 1802594?
2, 83, 10859
What are the prime factors of 15268270?
2, 5, 359, 4253
List the prime factors of 431676.
2, 3, 7, 571
What are the prime factors of 2972650?
2, 5, 59453
List the prime factors of 776154.
2, 3, 277, 467
List the prime factors of 1058392.
2, 132299
What are the prime factors of 108092?
2, 61, 443
What are the prime factors of 6910039?
211, 32749
List the prime factors of 209902.
2, 7, 11, 29, 47
List the prime factors of 62952.
2, 3, 43, 61
List the prime factors of 13538676.
2, 3, 1128223
List the prime factors of 211596.
2, 3, 7, 11, 229
What are the prime factors of 241215?
3, 5, 13, 1237
List the prime factors of 282850.
2, 5, 5657
List the prime factors of 591883.
31, 61, 313
What are the prime factors of 248660?
2, 5, 12433
What are the prime factors of 6957447?
3, 7, 331307
List the prime factors of 149506.
2, 7, 59, 181
List the prime factors of 255305.
5, 51061
What are the prime factors of 1584031?
1584031
List the prime factors of 7002049.
2417, 2897
List the prime factors of 3345316.
2, 13, 64333
List the prime factors of 2160902.
2, 1080451
What are the prime factors of 4962762?
2, 3, 7, 19, 691
What are the prime factors of 108867?
3, 11, 3299
What are the prime factors of 1185268?
2, 7, 42331
What are the prime factors of 2980927?
487, 6121
List the prime factors of 471942.
2, 3, 157, 167
List the prime factors of 1747274.
2, 431, 2027
List the prime factors of 679347.
3, 8387
What are the prime factors of 156601?
156601
List the prime factors of 1305557.
11, 118687
List the prime factors of 285812.
2, 71453
List the prime factors of 2600667.
3, 97, 331
List the prime factors of 1087142.
2, 7, 19, 61, 67
What are the prime factors of 2040407?
2040407
What are the prime factors of 2419136?
2, 37799
What are the prime factors of 12074442?
2, 3, 2012407
What are the prime factors of 166450?
2, 5, 3329
What are the prime factors of 650125?
5, 7, 743
List the prime factors of 2596138.
2, 17, 29, 2633
What are the prime factors of 135012?
2, 3, 11251
What are the prime factors of 365842?
2, 182921
List the prime factors of 13065525.
3, 5, 11, 5279
What are the prime factors of 495081?
3, 55009
List the prime factors of 263531.
31, 8501
What are the prime factors of 2406194?
2, 7, 43, 571
List the prime factors of 717424.
2, 44839
What are the prime factors of 4145594?
2, 443, 4679
What are the prime factors of 66642?
2, 3, 29, 383
What are the prime factors of 524205?
3, 5, 11, 353
What are the prime factors of 156083?
127, 1229
What are the prime factors of 47578?
2, 23789
What are the prime factors of 11573045?
5, 11, 37, 47
List the prime factors of 122026.
2, 17, 37, 97
List the prime factors of 25807167.
3, 37, 79, 109
What are the prime factors of 1024401?
3, 7, 48781
List the prime factors of 2566519.
2566519
What are the prime factors of 1730404?
2, 13, 107, 311
List the prime factors of 3455637.
3, 1151879
List the prime factors of 1699817.
7, 37, 6563
What are the prime factors of 1232484?
2, 3, 11, 9337
What are the prime factors of 7820458?
2, 3910229
List the prime factors of 354953.
354953
List the prime factors of 5312632.
2, 13, 23, 2221
What are the prime factors of 24645755?
5, 19, 259429
List the prime factors of 225927.
3, 13, 1931
What are the prime factors of 2972378?
2, 1486189
What are the prime factors of 27931706?
2, 11, 23, 55201
List the prime factors of 584351.
47, 12433
List the prime factors of 4508499.
3, 167, 8999
What are the prime factors of 835079?
7, 119297
What are the prime factors of 274355?
5, 37, 1483
List the prime factors of 196555.
5, 19, 2069
List the prime factors of 28443577.
29, 67, 14639
List the prime factors of 544416.
2, 3, 53, 107
What are the prime factors of 337769?
53, 6373
List the prime factors of 966529.
23, 42023
List the prime factors of 672103.
672103
List the prime factors of 116363.
13, 8951
What are the prime factors of 272367?
3, 53, 571
What are the prime factors of 4148298?
2, 3, 7, 11, 41, 73
List the prime factors of 5374772.
2, 13, 41, 2521
What are the prime factors of 20661819?
3, 6887273
What are the prime factors of 115765?
5, 13, 137
What are the prime factors of 16794977?
317, 52981
List the prime factors of 861585.
3, 5, 71, 809
What are the prime factors of 3669530?
2, 5, 366953
List the prime factors of 854431.
854431
List the prime factors of 767759.
767759
List the prime factors of 157614.
2, 3, 109, 241
What are the prime factors of 44275?
5, 7, 11, 23
List the prime factors of 19356768.
2, 3, 67211
What are the prime factors of 1374034?
2, 687017
List the prime factors of 4816036.
2, 31, 38839
List the prime factors of 1902627.
3, 211403
What are the prime factors of 22974287?
7, 19, 24677
What are the prime factors of 7353110?
2, 5, 735311
List the prime factors of 2992801.
7, 229, 1867
List the prime factors of 771340.
2, 5, 38567
List the prime factors of 6321935.
5, 1264387
List the prime factors of 1032930.
2, 3, 5, 23, 499
What are the prime factors of 2349658?
2, 1174829
What are the prime factors of 5030400?
2, 3, 5, 131
List the prime factors of 1132437.
3, 211, 1789
What are the prime factors of 905014?
2, 11, 31, 1327
What are the prime factors of 5271646?
2, 23, 114601
List the prime factors of 33863493.
3, 11287831
List the prime factors of 112191.
3, 37397
What are the prime factors of 13214530?
2, 5, 7, 188779
List the prime factors of 47264.
2, 7, 211
What are the prime factors of 143425?
5, 5737
List the prime factors of 10251228.
2, 3, 13, 65713
List the prime factors of 333801.
3, 13, 317
List the prime factors of 8438017.
7, 109, 11059
What are the prime factors of 3815206?
2, 179, 10657
What are the prime factors of 1092358?
2, 546179
What are the prime factors of 3055514?
2, 7, 11, 19841
List the prime factors of 21329.
7, 11, 277
List the prime factors of 16175676.
2, 3, 11, 31, 59, 67
List the prime factors of 248119.
248119
List the prime factors of 294530.
2, 5, 29453
What are the prime factors of 2512892?
2, 37, 16979
What are the prime factors of 3465047?
3465047
What are the prime factors of 625194?
2, 3, 47, 739
What are the prime factors of 14370388?
2, 3592597
List the prime factors of 166373.
29, 5737
What are the prime factors of 4436878?
2, 2218439
What are the prime factors of 464095?
5, 101, 919
List the prime factors of 3465.
3, 5, 7, 11
What are the prime factors of 8346406?
2, 113, 36931
What are the prime factors of 703195?
5, 140639
What are the prime factors of 711652?
2, 177913
List the prime factors of 19787094.
2, 3, 19, 47, 1231
What are the prime factors of 386444?
2, 17, 5683
What are the prime factors of 773623?
19, 2143
What are the prime factors of 356338?
2, 178169
What are the prime factors of 684711?
3, 76079
List the prime factors of 300676.
2, 75169
What are the prime factors of 1181889?
3, 131321
List the prime factors of 508530.
2, 3, 5, 11, 23, 67
List the prime factors of 88842.
2, 3, 13, 17, 67
What are the prime factors of 8813?
7, 1259
What are the prime factors of 615191?
101, 6091
List the prime factors of 128419.
53, 2423
What are the prime factors of 28562521?
13, 169009
List the prime factors of 982239.
3, 37, 8849
What are the prime factors of 2919999?
3, 973333
What are the prime factors of 708130?
2, 5, 19, 3727
List the prime factors of 587950.
2, 5, 11, 1069
What are the prime factors of 116582?
2, 71, 821
What are the prime factors of 48055?
5, 7, 1373
What are the prime factors of 110080?
2, 5, 43
What are the prime factors of 952409?
163, 5843
List the prime factors of 151195.
5, 11, 2749
What are the prime factors of 4318421?
557, 7753
What are the prime factors of 6145860?
2, 3, 5, 7, 14633
What are the prime factors of 30020?
2, 5, 19, 79
What are the prime factors of 20662651?
2311, 8941
List the prime factors of 8598781.
8598781
List the prime factors of 1781484.
2, 3, 148457
What are the prime factors of 777648?
2, 3, 17, 953
List the prime factors of 1416669.
3, 31, 15233
List the prime factors of 5048446.
2, 13, 281, 691
List the prime factors of 549392.
2, 34337
List the prime factors of 314434.
2, 157217
What are the pri